
Let i(s) = -s + 65. Let r be i(30). Suppose 5*u - 890 = -3*a, 9*u - 12*u + 2*a + 515 = 0. Calculate the greatest common divisor of u and r.
35
Let o(r) = 19745*r - 3000. Let u be o(4). Calculate the greatest common factor of u and 290.
290
Let h(j) = 2*j**2 - j + 5. Let v be h(4). Let y(a) = -27*a + a**3 + 14*a**2 - 30 + 41*a - v*a. Let q be y(-15). What is the highest common divisor of 330 and q?
30
Let a(z) = 104*z + 354. Let s be a(-3). Calculate the greatest common divisor of s and 2282.
14
Let o = -22 + 14. Let b be (-38)/(-3) - o/24. Let t be (-130)/4*(-52)/65. What is the greatest common divisor of t and b?
13
Let w = 70 - 53. Suppose 21*y - 112 = w*y. Suppose -3*r + 28 = r. What is the highest common factor of r and y?
7
Suppose 2*g + 92 = -2*g. Suppose h = -3*q - 3*h + 114, -3*h - 76 = -2*q. Let t = q + g. What is the highest common divisor of 165 and t?
15
Suppose -24 - 180 = -p - 2*g, 0 = 3*p + 2*g - 592. Let u = p + -94. Calculate the highest common factor of u and 5.
5
Let n = 2 - -5. Let i(r) = r**3 + 9*r**2 - 15*r + 19. Let c be i(6). Calculate the highest common divisor of n and c.
7
Suppose -12*j - 10941 + 16449 = 0. What is the greatest common divisor of j and 2907?
153
Let t = 30558 - 28653. Calculate the highest common factor of t and 105.
15
Let n be 0 + -7 - (16 - 25). Suppose -n*s + 897 = -3*y, -5*s - y = -6*s + 446. What is the highest common divisor of s and 49?
49
Let d be 4/((-24)/374)*78/(-26). What is the greatest common factor of 77 and d?
11
Let h(y) = -y**3 + 33*y + 34. Let l be h(6). Calculate the highest common factor of 124 and l.
4
Let o(v) = -302*v + 3375. Let w be o(11). Calculate the greatest common divisor of w and 6201.
53
Let w = -645 + 634. Let u be (-1)/3*6*(1 + w). What is the greatest common divisor of u and 150?
10
Let t be ((1575/20)/(-15) - -6) + 858/8. Let g(a) = -10*a - 4. Let s be g(-4). What is the greatest common factor of s and t?
36
Suppose 5*y - 96 - 44 = 0. Suppose y = 9*x - 2*x. Suppose 10 = -0*p + 5*p. Calculate the greatest common factor of p and x.
2
Let t be -70*(9 - 7)*(-36)/14. What is the greatest common factor of t and 1224?
72
Let n(u) = -2*u**3 + 9*u**3 - 8*u**3 - 5 + 6*u**2 - 3*u. Let q be n(5). Let g = 65 + -25. Calculate the greatest common divisor of g and q.
5
Suppose 3*t - 132 = 4*z + 507, -4*t - 4*z + 880 = 0. What is the greatest common divisor of 93 and t?
31
Let r be (-18760)/(-201) + 20/(-6). Let b = 26 + -13. Suppose -b*d = -15*d + r. What is the highest common factor of 18 and d?
9
Let d be (-6)/(6/(-15) + 10/(4400/156)). Calculate the greatest common divisor of 3333 and d.
33
Suppose -12*u = -14295 - 13449. Calculate the greatest common divisor of u and 8.
8
Let c be (2/1 + -1)/1. Let n = -567 + 491. Let s be c - n*(5 + -3). Calculate the greatest common divisor of 17 and s.
17
Suppose 2*a - 542 = -5*q, 0 = 5*q + 3*a - 886 + 343. Suppose -2*c + q = -42. Calculate the greatest common factor of c and 300.
75
Let d be (-5)/(-25) + (158392/20)/(0 + 2). Calculate the greatest common factor of 88 and d.
88
Let d(g) = g**2 - 7*g - 8. Let n be d(-3). Suppose -9*m - 4 + n = 0. Calculate the highest common divisor of 144 and m.
2
Suppose -145828 - 655620 = -68*h. What is the highest common factor of h and 332?
166
Let t = 1687 + -1273. Calculate the highest common factor of t and 46.
46
Let j = -4139 - -4228. What is the highest common divisor of j and 26522?
89
Suppose -w + 139 = 138. Let y be (-3)/2*-6*w*2. Let u = -23 - -29. Calculate the highest common factor of u and y.
6
Suppose 3*c + 5*m = 4*c - 114, -278 = -3*c - m. Suppose c = k + 4*h - 2*h, 78 = k - 2*h. What is the greatest common divisor of 2 and k?
2
Let z(t) = -9*t**3 + 82*t**2 - 26*t - 1. Let x be z(6). Calculate the greatest common factor of 483 and x.
23
Suppose 7*p + 461 = 10*p + m, -3*p + 2*m = -464. Calculate the highest common factor of p and 1540.
154
Let d(y) = y**2 - 18*y + 71. Suppose -34*j + 25*j = -234. Let s be d(j). What is the greatest common divisor of 9 and s?
9
Let d(f) = 785*f + 2705. Let z be d(-3). Calculate the highest common divisor of 630 and z.
70
Suppose 0 = -371*p + 381*p - 980. Suppose 5*v = 5*q - 620, -3*v - p = -q + 34. What is the greatest common divisor of q and 264?
24
Let s(t) = 5*t**3 + 5*t**2 + 16*t + 28. Let b be s(-4). Let a = -198 - b. What is the greatest common factor of 39 and a?
39
Let u = 23508 + -1176. Calculate the highest common factor of 24 and u.
12
Let n(y) = y**2 + 3*y + 16. Let h be n(0). Let w be h/((2/(-7))/(-1)). Let q = w + -2. What is the highest common factor of q and 6?
6
Let m(n) = -26*n + 554. Let f be m(12). Calculate the highest common divisor of f and 286.
22
Suppose 2*n - 16 = -2*m, -2 - 14 = -n - 3*m. Let j = -16 + -99. Let p = 127 + j. Calculate the highest common factor of n and p.
4
Suppose 236*g - 66053 + 7301 = 44*g. What is the highest common divisor of g and 18258?
102
Let s = -3 + 4. Let y(m) = -11*m + 2 - 9 + 0 + 10 + 1. Let l be y(0). Calculate the highest common factor of s and l.
1
Let q(k) = -126*k - 4777. Let o be q(-38). Calculate the highest common factor of o and 11352.
11
Let i(c) = -5*c - 50. Let x be i(-14). Suppose -8*z - 2042 + 2442 = 0. What is the greatest common factor of x and z?
10
Let s(i) = 110*i - 9. Let r(p) = 73*p - 6. Let t(b) = 8*r(b) - 5*s(b). Let w be t(2). Let a be (12 + -1 + 2)*2. Calculate the highest common factor of a and w.
13
Let v be ((-803)/(-88) - 8)*(1 - -7). Let x(t) = 2*t**3 + 4*t**2 - 2*t - 4. Let p be x(2). Calculate the greatest common factor of v and p.
3
Let c = 12612 + -12533. What is the greatest common factor of 1975 and c?
79
Let m(l) be the third derivative of -l**5/60 + l**4/8 + 34*l**3/3 - 8*l**2 - 6. Let c be m(-6). Calculate the highest common divisor of 12 and c.
2
Suppose -5*u + s + 130 = 0, -4*u + 2*s + 75 = 7*s. Calculate the highest common factor of u and 1175.
25
Let a(l) be the third derivative of l**5/60 - l**4/6 - 4*l**3/3 + 11*l**2. Let r be a(7). Let p = 140 - 88. What is the greatest common factor of r and p?
13
Suppose -6*q + 167 = 155. Suppose 4*b + 2*o = 106, 4*b + 22 - 108 = q*o. Calculate the highest common factor of b and 24.
24
Let b be ((-60)/(-8))/(-5)*-2. Suppose 10 = b*l + 73. Let j be l/(-49) + 96/21. Calculate the highest common divisor of j and 55.
5
Let f = 1021 - 965. What is the greatest common factor of f and 322?
14
Suppose 2*y - v + 9 = 0, 4*v + v - 15 = 5*y. Let t be (-7)/(-42)*y*(-125 - 1). What is the greatest common divisor of t and 7?
7
Let n(k) = -2891*k**3 - 5*k**2 + k + 5. Let d be n(-1). Calculate the greatest common factor of 425 and d.
85
Let c be (-72)/(-20)*((-6 - -2) + -2 + 16). What is the greatest common divisor of c and 180?
36
Let i be (-10)/(7 + (-10673)/1521). Calculate the highest common factor of i and 495.
45
Let p(b) = -b**3 + 26*b**2 + 276*b + 71. Let f be p(34). Calculate the highest common divisor of f and 4209.
69
Let y = -2819 - -3961. What is the highest common divisor of y and 6?
2
Let z be 1377 - (-54)/(-9)*2. What is the highest common factor of 70 and z?
35
Let a(i) = 3*i**2 + 4*i - 102. Let j be a(-30). What is the highest common divisor of j and 42?
42
Let f = 95 + -52. Suppose -40*h - 6 = -f*h. Suppose 5*p = 5, 0 = s - h*p + 5*p - 27. Calculate the greatest common factor of 36 and s.
12
Suppose -2520*r + 2522*r - w = 65933, w = -1. What is the greatest common divisor of r and 53?
53
Let h = 3920 + -3875. What is the greatest common divisor of h and 525?
15
Let t(n) = -n**3 - 28*n**2 + 31*n + 62. Let q be t(-29). Suppose 11*m - 270 = -q*m. Calculate the greatest common factor of 90 and m.
18
Let v be 9 + 446/(-50) + (-13623)/(-25). What is the highest common factor of 5232 and v?
109
Let t be 1*(1 - -95) + 0. Let d(i) be the first derivative of 5*i**2/2 - 4*i - 42. Let b be d(4). Calculate the greatest common factor of t and b.
16
Let d = 38 - 3. Let l = 48 + -44. Suppose -l*p = 3*j - 2*p - 729, 0 = 2*j + 4*p - 478. Calculate the greatest common divisor of d and j.
35
Suppose 10*s = 42202 + 60198. Suppose -3328 + s = 27*z. Calculate the greatest common factor of z and 32.
32
Let y be 2 - 40/6*12/(-10). Calculate the greatest common factor of 2910 and y.
10
Suppose 2*d - 14 = 4*n, d + n - 10 + 0 = 0. Let r(f)